{"id":803,"date":"2019-04-02T12:06:48","date_gmt":"2019-04-02T12:06:48","guid":{"rendered":"https:\/\/www.greens-efa.eu\/dossier\/?page_id=803"},"modified":"2019-04-17T15:20:04","modified_gmt":"2019-04-17T15:20:04","slug":"accueil","status":"publish","type":"page","link":"https:\/\/www.greens-efa.eu\/dossier\/accueil\/","title":{"rendered":"Home (FR)"},"content":{"rendered":"\n\t<div id=\"wacm_padd\" class=\"vphalf\"><\/div>\n\t<div data-cont>\n\n\t\t<div class=\"pat_0 z8\"\n\t\t\t\tdata-adders=\"1.0;pfixed|2.0;pab_0\">\n\t\t\t<div class=\"vph z8\"><div class=\"txt fs-mega uc\" id=\"wacm\"><span>We Are Change Makers<\/span><\/div><\/div>\n\t\t\t<div class=\"pab_0 z8 ani-color-pal fast\" style=\"\" data-adders=\"1.0;do\">\n\t\t\t<div class=\"vph3 color-pal pat_0 z10\"><\/div>\n\t\t\t\t<div class=\"vph pab_0 z10 rainbowDEPR \" ><div class=\"txt fs-mega color-white uc\">We Are Change Makers<\/div><\/div>\n\t\t\t<\/div>\n\t\t\t\n\n\t\t<\/div>\n\t\t<!-- spacer -->\n\t\t<div class=\"vph 1\"><\/div>\n\t\t<!-- spacer -->\n\t\t<div class=\"vph 1\"><\/div>\n\t<\/div>\n\n\t\n\t<div data-cont=\"logo\" style=\"overflow:visible;height:15vh;\">\n\t\t<div class=\"pat_0\" data-addersDEPR=\"1.0;pfixed|1.5;pab_0\">\n\t\t\t<div class=\"vph70DEPR\" style=\"height:10px; overflow:visible;overflow-y:visible;\"><div class=\"txtDEPR DEPRh70 tc\" style=\"padding-top:20vh;\">\n\n\t\t\t\t<div class=\"flower_logo\" data-adders=\"0.5;do\" ><\/div>\n\n\t\t\t<\/div><\/div>\n\t\t<\/div>\n\t\t<!-- spacer <div class=\"vph70\"><\/div> -->\n\t\t\n\t<\/div>\n\t\n\n\n\t<div data-cont=\"part\" id=\"part0\" class=\"part\">\n\t\t\n\t<div class=\"vph pat_0 z10 \" \n\t\t\tdata-adders=\"1.0;pfixed;|2.5;pab_0\">\n\t\t\t<div class=\"txt z8 \">\n\t\t<div class=\"facts ani tc ani-triple-top fs-subline uc\" \n\t\t\tdata-adders=\"0.6;do|2.0;do color-white\"  \n\t\t\tdata-sizer-param=\"padding-top\" data-sizer-vpt-start=\"1.5\" data-sizer-vpt-end=\"2\"  data-sizer-from=\"0.5\" data-sizer-to=\"0.2\">\n\t\t\t\t<span class=\"e0\">We care.<\/span>\n\t\t<span class=\"e1\">We act.<\/span>\n\t\t<span class=\"e2\">We fight.<\/span>\n\t\t<\/div>\n\t<\/div>\n\t\t\t<div class=\"z8 pat_0 first\" >\n\t\t\t\t<div class=\"hl-mid  tc fs-medium z8\"  style=\"color:#ffffff;\" \n\t\t\t\t\tdata-sizer-param=\"padding-top\" data-sizer-vpt-start=\"1.5\" data-sizer-vpt-end=\"2.0\" data-sizer-from=\"1\" data-sizer-to=\"0.4\">\n\t\t\t\t\t<strong>PARCE QUE LEUR AVENIR<\/strong>\n\t\t\t\t<\/div>\n\t\t\t\t<div class=\"hl-mid  tc fs-medium z8\"  style=\"color:#ffffff;\" \n\t\t\t\t\tdata-sizer-param=\"padding-top\" data-sizer-vpt-start=\"1.5\" data-sizer-vpt-end=\"2.0\" data-sizer-from=\"1\" data-sizer-to=\"0.0\">\n\t\t\t\t\t<strong>SE JOUE AUJOURD&#8217;HUI<\/strong>\n\t\t\t\t<\/div>\n\t\t\t<\/div>\n\t\t\t\n\t\t\t<div class=\"z8 tc pab_0\" >\n\t\t\t\t<div class=\"ani-engage\" data-adders=\"2.0;do\">\n\t\t\t\t\t<a href=\"https:\/\/www.greens-efa.eu\/dossier\/accueil\/un-environnement-sain\/\" data-url=\"https:\/\/www.greens-efa.eu\/dossier\/accueil\/un-environnement-sain\/\" data-id=\"r_5926\" class=\"button engage\">Engage<\/a>\n\t\t\t\t<\/div>\n\t\t\t<\/div>\n\n\t\t\t<div class=\"z5 pat_100 vph bg-topic \" data-adders=\"2.0;body-dark|2.5;\" style=\"background-image: url(https:\/\/www.greens-efa.eu\/dossier\/wp-content\/uploads\/2019\/03\/youth-for-climate-march-for-a-better-future_46724209282_o_brown.jpg);\" data-sizer-param=\"top\" data-sizer-vpt-start=\"1.5\" data-sizer-vpt-end=\"2.0\" data-sizer-from=\"1\" data-sizer-to=\"0\"><\/div>\n\n\t\t\t\n\t\t<\/div>\n\t\t\n\t\t<div class=\"vph\"><\/div><div class=\"vph\"><\/div><div class=\"vphalf\"><\/div>\n\t<\/div>\n\n\n\t<div data-cont=\"part\" id=\"part1\" class=\"part\">\n\t\t\n\t<div class=\"vph pat_0 z10 \" \n\t\t\tdata-adders=\"1.0;pfixed;|2.5;pab_0\">\n\t\t\t<div class=\"txt z8 \">\n\t\t<div class=\"facts ani tc ani-triple-top fs-subline uc\" \n\t\t\tdata-adders=\"0.6;do|2.0;do color-white\"  \n\t\t\tdata-sizer-param=\"padding-top\" data-sizer-vpt-start=\"1.5\" data-sizer-vpt-end=\"2\"  data-sizer-from=\"0.5\" data-sizer-to=\"0.2\">\n\t\t\t\t<span class=\"e0\">We care.<\/span>\n\t\t<span class=\"e1\">We act.<\/span>\n\t\t<span class=\"e2\">We fight.<\/span>\n\t\t<\/div>\n\t<\/div>\n\t\t\t<div class=\"z8 pat_0 first\" >\n\t\t\t\t<div class=\"hl-mid  tc fs-medium z8\"  style=\"color:#ffffff;\" \n\t\t\t\t\tdata-sizer-param=\"padding-top\" data-sizer-vpt-start=\"1.5\" data-sizer-vpt-end=\"2.0\" data-sizer-from=\"1\" data-sizer-to=\"0.4\">\n\t\t\t\t\t<strong>PARCE QUE CHAQUE VOIX<\/strong>\n\t\t\t\t<\/div>\n\t\t\t\t<div class=\"hl-mid  tc fs-medium z8\"  style=\"color:#ffffff;\" \n\t\t\t\t\tdata-sizer-param=\"padding-top\" data-sizer-vpt-start=\"1.5\" data-sizer-vpt-end=\"2.0\" data-sizer-from=\"1\" data-sizer-to=\"0.0\">\n\t\t\t\t\t<strong>COMPTE<\/strong>\n\t\t\t\t<\/div>\n\t\t\t<\/div>\n\t\t\t\n\t\t\t<div class=\"z8 tc pab_0\" >\n\t\t\t\t<div class=\"ani-engage\" data-adders=\"2.0;do\">\n\t\t\t\t\t<a href=\"https:\/\/www.greens-efa.eu\/dossier\/accueil\/une-democratie-fiable\/\" data-url=\"https:\/\/www.greens-efa.eu\/dossier\/accueil\/une-democratie-fiable\/\" data-id=\"r_7122\" class=\"button engage\">Engage<\/a>\n\t\t\t\t<\/div>\n\t\t\t<\/div>\n\n\t\t\t<div class=\"z5 pat_100 vph bg-topic \" data-adders=\"2.0;body-dark|2.5;\" style=\"background-image: url(https:\/\/www.greens-efa.eu\/dossier\/wp-content\/uploads\/2019\/03\/349-pai453488.jpg);\" data-sizer-param=\"top\" data-sizer-vpt-start=\"1.5\" data-sizer-vpt-end=\"2.0\" data-sizer-from=\"1\" data-sizer-to=\"0\"><\/div>\n\n\t\t\t<div data-adders=\"2.0;do\" class=\"vph z5 pat_100 move_top\" style=\"opacity: 0.2; background: #008200;\"><\/div>\n\t\t<\/div>\n\t\t\n\t\t<div class=\"vph\"><\/div><div class=\"vph\"><\/div><div class=\"vphalf\"><\/div>\n\t<\/div>\n\n\n\t<div data-cont=\"part\" id=\"part2\" class=\"part\">\n\t\t\n\t<div class=\"vph pat_0 z10 \" \n\t\t\tdata-adders=\"1.0;pfixed;|2.5;pab_0\">\n\t\t\t<div class=\"txt z8 pal\">\n\t\t<div class=\"facts ani tl ani-triple-left fs-subline uc\" \n\t\t\tdata-adders=\"0.6;do|2.0;do color-white\"  \n\t\t\tdata-sizer-param=\"padding-top\" data-sizer-vpt-start=\"1.5\" data-sizer-vpt-end=\"2\"  data-sizer-from=\"0.5\" data-sizer-to=\"0.2\">\n\t\t\t\t<span class=\"e0\">We care.<\/span>\n\t\t<span class=\"e1\">We act.<\/span>\n\t\t<span class=\"e2\">We fight.<\/span>\n\t\t<\/div>\n\t<\/div>\n\t\t\t<div class=\"z8 pat_0 first\" >\n\t\t\t\t<div class=\"hl-mid pal tl fs-medium z8\"  style=\"color:#ffffff;\" \n\t\t\t\t\tdata-sizer-param=\"padding-top\" data-sizer-vpt-start=\"1.5\" data-sizer-vpt-end=\"2.0\" data-sizer-from=\"1\" data-sizer-to=\"0.4\">\n\t\t\t\t\t<strong>PARCE QUE PERSONNE<\/strong>\n\t\t\t\t<\/div>\n\t\t\t\t<div class=\"hl-mid pal tl fs-medium z8\"  style=\"color:#ffffff;\" \n\t\t\t\t\tdata-sizer-param=\"padding-top\" data-sizer-vpt-start=\"1.5\" data-sizer-vpt-end=\"2.0\" data-sizer-from=\"1\" data-sizer-to=\"0.0\">\n\t\t\t\t\t<strong>NE DOIT \u00caTRE LAISS\u00c9 POUR COMPTE<\/strong>\n\t\t\t\t<\/div>\n\t\t\t<\/div>\n\t\t\t\n\t\t\t<div class=\"z8 tc pab_0\" >\n\t\t\t\t<div class=\"ani-engage\" data-adders=\"2.0;do\">\n\t\t\t\t\t<a href=\"https:\/\/www.greens-efa.eu\/dossier\/accueil\/une-societe-juste\/\" data-url=\"https:\/\/www.greens-efa.eu\/dossier\/accueil\/une-societe-juste\/\" data-id=\"r_7130\" class=\"button engage\">Engage<\/a>\n\t\t\t\t<\/div>\n\t\t\t<\/div>\n\n\t\t\t<div class=\"z5 pat_100 vph bg-topic \" data-adders=\"2.0;body-dark|2.5;\" style=\"background-image: url(https:\/\/www.greens-efa.eu\/dossier\/wp-content\/uploads\/2019\/03\/OLD-PEOPLE_c_cristina-gottardi-e1555510615941.jpg);\" data-sizer-param=\"top\" data-sizer-vpt-start=\"1.5\" data-sizer-vpt-end=\"2.0\" data-sizer-from=\"1\" data-sizer-to=\"0\"><\/div>\n\n\t\t\t\n\t\t<\/div>\n\t\t\n\t\t<div class=\"vph\"><\/div><div class=\"vph\"><\/div><div class=\"vphalf\"><\/div>\n\t<\/div>\n\n\n\t<div data-cont=\"part\" id=\"part3\" class=\"part\">\n\t\t\n\t<div class=\"vph pat_0 z10 \" \n\t\t\tdata-adders=\"1.0;pfixed;|2.5;pab_0\">\n\t\t\t<div class=\"txt z8 par\">\n\t\t<div class=\"facts ani tr ani-triple-right fs-subline uc\" \n\t\t\tdata-adders=\"0.6;do|2.0;do color-white\"  \n\t\t\tdata-sizer-param=\"padding-top\" data-sizer-vpt-start=\"1.5\" data-sizer-vpt-end=\"2\"  data-sizer-from=\"0.5\" data-sizer-to=\"0.2\">\n\t\t\t\t<span class=\"e2\">We care.<\/span>\n\t\t\t<span class=\"e1\">We act.<\/span>\n\t\t\t<span class=\"e0\">We fight.<\/span>\n\t\t<\/div>\n\t<\/div>\n\t\t\t<div class=\"z8 pat_0 first\" >\n\t\t\t\t<div class=\"hl-mid par tr fs-medium z8\"  style=\"color:#ffbe28;\" \n\t\t\t\t\tdata-sizer-param=\"padding-top\" data-sizer-vpt-start=\"1.5\" data-sizer-vpt-end=\"2.0\" data-sizer-from=\"1\" data-sizer-to=\"0.4\">\n\t\t\t\t\t<strong>PARCE QUE CHACUN-E<\/strong>\n\t\t\t\t<\/div>\n\t\t\t\t<div class=\"hl-mid par tr fs-medium z8\"  style=\"color:#ffbe28;\" \n\t\t\t\t\tdata-sizer-param=\"padding-top\" data-sizer-vpt-start=\"1.5\" data-sizer-vpt-end=\"2.0\" data-sizer-from=\"1\" data-sizer-to=\"0.0\">\n\t\t\t\t\t<strong>M\u00c9RITE LE RESPECT <\/strong>\n\t\t\t\t<\/div>\n\t\t\t<\/div>\n\t\t\t\n\t\t\t<div class=\"z8 tc pab_0\" >\n\t\t\t\t<div class=\"ani-engage\" data-adders=\"2.0;do\">\n\t\t\t\t\t<a href=\"https:\/\/www.greens-efa.eu\/dossier\/accueil\/des-droits-et-des-libertes\/\" data-url=\"https:\/\/www.greens-efa.eu\/dossier\/accueil\/des-droits-et-des-libertes\/\" data-id=\"r_7652\" class=\"button engage\">Engage<\/a>\n\t\t\t\t<\/div>\n\t\t\t<\/div>\n\n\t\t\t<div class=\"z5 pat_100 vph oh multi-bg multi-bg-parts-2\" \n\t\t\tdata-adders=\"2.0;do\" \n\t\t\tdata-sizer-param=\"top\" data-sizer-vpt-start=\"1.5\" data-sizer-vpt-end=\"2.0\" data-sizer-from=\"1\" data-sizer-to=\"0\">\n\t\t\t\t<div class=\"vph pat_0 bg bg1 bg-topic \" style=\"background-image: url(https:\/\/www.greens-efa.eu\/dossier\/wp-content\/uploads\/2019\/03\/syrian-family-\u00a9Dominic-ChavezWorld-Bank-CC-BY-NC-ND-2.0-e1555510456555.jpg);\" data-adders=\"2.0;body-dark|2.5;\"><\/div>\n\t\t\t\t<div class=\"vph pat_100 bg bg2 bg-topic \" style=\"background-image: url(https:\/\/www.greens-efa.eu\/dossier\/wp-content\/uploads\/2019\/03\/29501186124_935d4ed15e_o_blurred-e1555510079191.jpg);\"><\/div>\n\t\t\t\t\n\t\t\t\t<!--<div class=\"vph pat_100 bg bg4 bg-topic \" style=\"background-image: url(https:\/\/www.greens-efa.eu\/dossier\/wp-content\/uploads\/2019\/03\/syrian-family-\u00a9Dominic-ChavezWorld-Bank-CC-BY-NC-ND-2.0-e1555510456555.jpg);\"><\/div>-->\n\t\t<\/div>\n\n\t\t\t\n\t\t<\/div>\n\t\t\n\t\t<div class=\"vph\"><\/div><div class=\"vph\"><\/div><div class=\"vphalf\"><\/div>\n\t<\/div>\n\n\n\t<div data-cont>\n\n\t\t<div class=\"pat_0 z5\"\n\t\t\t\tdata-adders=\"1.0;pfixed|22.0;pab_0\">\n\t\t\t<div class=\"vph z5 bg-green1 tc\">\n\t\t\t\t<div class=\"txt h50 fs-mega2 uc color-green-dark\"  style=\"padding-top: 20vh;\">\n\t\t\t\t\t<div class=\"\" style=\"position:relative;\">\n\t\t\t\t\t\t<div style=\"opacity:0;\">\n\t\t\t\t\t\t\t<span class=\"e0\">We&nbsp;<\/span><span class=\"e1\">Change&nbsp;<\/span><span class=\"e2\">Europe&nbsp;<\/span>\n\t\t\t\t\t\t<\/div>\n\t\t\t\t\t\t<div class=\"pat_0 ani ofv ani-triple-top\" data-adders=\"0.5;do\">\n\t\t\t\t\t\t\t<span class=\"e0\">We&nbsp;<\/span><span class=\"e1\">Change&nbsp;<\/span><span class=\"e2\">Europe&nbsp;<\/span>\n\t\t\t\t\t\t<\/div>\n\t\t\t\t\t<\/div>\n\t\t\t\t<\/div>\n\t\t\t\t<div class=\"vphalf fs-normal footer-links fade\" data-adders=\"0.5;do\">\n\t\t\t\t\t<div class=\"txt h40\">\n\t\t\t\t\t\t<div class=\"container\">\n\t\t\t\t\t\t\t<div class=\"row uc d\">\n\t\t\t\t\t\t\t\t<div class=\"col tr\"><p><a class=\"btn-dotted\" href=\"\/achievements\">Achievements<\/a><\/p><\/div>\n\t\t<div class=\"col tc\"><p><a class=\"btn-dotted\" href=\"\/our-group\">Our Group<\/a><\/p><\/div>\n\t\t<div class=\"col tl\"><p><a class=\"btn-dotted\" href=\"\/the-plan\">The Plan<\/a><\/p><\/div>\n\t\t\t\t\t\t\t<\/div>\n\n\t\t\t\t\t\t\t<div class=\"tc fs-small\" style=\"padding: 4vh 0vh 4vh 0;\">\n\t\t\t\t\t\t\t\t<p><a href=\"https:\/\/www.greens-efa.eu\/\/\">www.greens-efa.eu<\/a>\n\t\t\t\t\t\t\t<\/div>\n\n\t\t\t\t\t\t\t<div class=\"row fs-small\">\n\t\t\t\t\t\t\t\t<div class=\"col tr\"><p><a href=\"http:\/\/www.facebook.com\/greensefa\" target=\"_blank\">facebook<\/a><\/p><\/div>\n\t\t\t\t\t\t\t\t<div class=\"col tc\"><p><a href=\"http:\/\/twitter.com\/GreensEFA\" target=\"_blank\">twitter<\/a><\/p><\/div>\n\t\t\t\t\t\t\t\t<div class=\"col tl\"><p><a href=\"https:\/\/www.instagram.com\/greensefa\/\" target=\"_blank\">instagram<\/a><\/p><\/div>\n\t\t\t\t\t\t\t<\/div>\n\t\t\t\t\t\t\n\t\t\t\t\t\t<\/div>\n\t\t\t\t\t<\/div>\n\t\t\t\t<\/div>\n\t\t\t<\/div>\n\t\t\t<div id=\"footer-toolbar\">\n\t\t\t\t<a class=\"button button-md pink\" id=\"btn_signup\" href=\"https:\/\/crm.greens-efa-service.eu\/drupal7\/subscribe\" target=\"_blank\">Sign Up!<\/a>\n\t\t\t\t<a class=\"button button-md pink\" id=\"btn_share\" onclick=\"$('#sharebox').toggle();return false;\" href=\"#\">Share!<\/a>\n\t\t\t\t<div id=\"sharebox\" style=\"display:none;\"><div class=\"shariff\" data-url=\"https:\/\/www.greens2019.eu\/\" data-theme=\"standard\" data-button-style=\"icon\" data-orientation=\"horizontal\" data-services=\"facebook twitter pinterest linkedin googleplus\"><\/div><\/div>\n\t\t\t<\/div>\n\t\t<\/div>\n\n\t\t<div class=\"vph 1\"><\/div>\n\t\t<div class=\"vph 2\"><\/div>\n\t\t\n\t<\/div>\n\t","protected":false},"excerpt":{"rendered":"","protected":false},"author":1,"featured_media":0,"parent":0,"menu_order":10,"comment_status":"closed","ping_status":"closed","template":"page_front.php","meta":[],"yoast_head":"<!-- This site is optimized with the Yoast SEO plugin v19.6.1 - https:\/\/yoast.com\/wordpress\/plugins\/seo\/ -->\n<title>Home (FR) - Greens\/EFA<\/title>\n<meta name=\"description\" content=\"Campagne d&#039;information Verts\/ALE au Parlement europ\u00e9en. Nous changeons l&#039;Europe. Nous faisons la diff\u00e9rence par notre action et notre engagement sur le climat, la protection de l&#039;environnement, la d\u00e9fense des droits et des libert\u00e9s, la transparence, la d\u00e9mocratie\" \/>\n<meta name=\"robots\" content=\"index, follow, max-snippet:-1, max-image-preview:large, max-video-preview:-1\" \/>\n<link rel=\"canonical\" href=\"https:\/\/www.greens-efa.eu\/dossier\/accueil\/\" \/>\n<meta property=\"og:locale\" content=\"en_GB\" \/>\n<meta property=\"og:type\" content=\"article\" \/>\n<meta property=\"og:title\" content=\"Home (FR) - Greens\/EFA\" \/>\n<meta property=\"og:description\" content=\"Campagne d&#039;information Verts\/ALE au Parlement europ\u00e9en. Nous changeons l&#039;Europe. Nous faisons la diff\u00e9rence par notre action et notre engagement sur le climat, la protection de l&#039;environnement, la d\u00e9fense des droits et des libert\u00e9s, la transparence, la d\u00e9mocratie\" \/>\n<meta property=\"og:url\" content=\"https:\/\/www.greens-efa.eu\/dossier\/accueil\/\" \/>\n<meta property=\"og:site_name\" content=\"Greens\/EFA\" \/>\n<meta property=\"article:modified_time\" content=\"2019-04-17T15:20:04+00:00\" \/>\n<meta name=\"twitter:card\" content=\"summary_large_image\" \/>\n<script type=\"application\/ld+json\" class=\"yoast-schema-graph\">{\"@context\":\"https:\/\/schema.org\",\"@graph\":[{\"@type\":\"WebPage\",\"@id\":\"https:\/\/www.greens-efa.eu\/dossier\/accueil\/\",\"url\":\"https:\/\/www.greens-efa.eu\/dossier\/accueil\/\",\"name\":\"Home (FR) - Greens\/EFA\",\"isPartOf\":{\"@id\":\"https:\/\/www.greens-efa.eu\/dossier\/#website\"},\"datePublished\":\"2019-04-02T12:06:48+00:00\",\"dateModified\":\"2019-04-17T15:20:04+00:00\",\"description\":\"Campagne d'information Verts\/ALE au Parlement europ\u00e9en. Nous changeons l'Europe. Nous faisons la diff\u00e9rence par notre action et notre engagement sur le climat, la protection de l'environnement, la d\u00e9fense des droits et des libert\u00e9s, la transparence, la d\u00e9mocratie\",\"breadcrumb\":{\"@id\":\"https:\/\/www.greens-efa.eu\/dossier\/accueil\/#breadcrumb\"},\"inLanguage\":\"en-GB\",\"potentialAction\":[{\"@type\":\"ReadAction\",\"target\":[\"https:\/\/www.greens-efa.eu\/dossier\/accueil\/\"]}]},{\"@type\":\"BreadcrumbList\",\"@id\":\"https:\/\/www.greens-efa.eu\/dossier\/accueil\/#breadcrumb\",\"itemListElement\":[{\"@type\":\"ListItem\",\"position\":1,\"name\":\"Home\",\"item\":\"https:\/\/www.greens-efa.eu\/dossier\/\"},{\"@type\":\"ListItem\",\"position\":2,\"name\":\"Home (FR)\"}]},{\"@type\":\"WebSite\",\"@id\":\"https:\/\/www.greens-efa.eu\/dossier\/#website\",\"url\":\"https:\/\/www.greens-efa.eu\/dossier\/\",\"name\":\"Greens\/EFA\",\"description\":\"Greens\/EFA\",\"potentialAction\":[{\"@type\":\"SearchAction\",\"target\":{\"@type\":\"EntryPoint\",\"urlTemplate\":\"https:\/\/www.greens-efa.eu\/dossier\/?s={search_term_string}\"},\"query-input\":\"required name=search_term_string\"}],\"inLanguage\":\"en-GB\"}]}<\/script>\n<!-- \/ Yoast SEO plugin. -->","yoast_head_json":{"title":"Home (FR) - Greens\/EFA","description":"Campagne d'information Verts\/ALE au Parlement europ\u00e9en. Nous changeons l'Europe. Nous faisons la diff\u00e9rence par notre action et notre engagement sur le climat, la protection de l'environnement, la d\u00e9fense des droits et des libert\u00e9s, la transparence, la d\u00e9mocratie","robots":{"index":"index","follow":"follow","max-snippet":"max-snippet:-1","max-image-preview":"max-image-preview:large","max-video-preview":"max-video-preview:-1"},"canonical":"https:\/\/www.greens-efa.eu\/dossier\/accueil\/","og_locale":"en_GB","og_type":"article","og_title":"Home (FR) - Greens\/EFA","og_description":"Campagne d'information Verts\/ALE au Parlement europ\u00e9en. Nous changeons l'Europe. Nous faisons la diff\u00e9rence par notre action et notre engagement sur le climat, la protection de l'environnement, la d\u00e9fense des droits et des libert\u00e9s, la transparence, la d\u00e9mocratie","og_url":"https:\/\/www.greens-efa.eu\/dossier\/accueil\/","og_site_name":"Greens\/EFA","article_modified_time":"2019-04-17T15:20:04+00:00","twitter_card":"summary_large_image","schema":{"@context":"https:\/\/schema.org","@graph":[{"@type":"WebPage","@id":"https:\/\/www.greens-efa.eu\/dossier\/accueil\/","url":"https:\/\/www.greens-efa.eu\/dossier\/accueil\/","name":"Home (FR) - Greens\/EFA","isPartOf":{"@id":"https:\/\/www.greens-efa.eu\/dossier\/#website"},"datePublished":"2019-04-02T12:06:48+00:00","dateModified":"2019-04-17T15:20:04+00:00","description":"Campagne d'information Verts\/ALE au Parlement europ\u00e9en. Nous changeons l'Europe. Nous faisons la diff\u00e9rence par notre action et notre engagement sur le climat, la protection de l'environnement, la d\u00e9fense des droits et des libert\u00e9s, la transparence, la d\u00e9mocratie","breadcrumb":{"@id":"https:\/\/www.greens-efa.eu\/dossier\/accueil\/#breadcrumb"},"inLanguage":"en-GB","potentialAction":[{"@type":"ReadAction","target":["https:\/\/www.greens-efa.eu\/dossier\/accueil\/"]}]},{"@type":"BreadcrumbList","@id":"https:\/\/www.greens-efa.eu\/dossier\/accueil\/#breadcrumb","itemListElement":[{"@type":"ListItem","position":1,"name":"Home","item":"https:\/\/www.greens-efa.eu\/dossier\/"},{"@type":"ListItem","position":2,"name":"Home (FR)"}]},{"@type":"WebSite","@id":"https:\/\/www.greens-efa.eu\/dossier\/#website","url":"https:\/\/www.greens-efa.eu\/dossier\/","name":"Greens\/EFA","description":"Greens\/EFA","potentialAction":[{"@type":"SearchAction","target":{"@type":"EntryPoint","urlTemplate":"https:\/\/www.greens-efa.eu\/dossier\/?s={search_term_string}"},"query-input":"required name=search_term_string"}],"inLanguage":"en-GB"}]}},"_links":{"self":[{"href":"https:\/\/www.greens-efa.eu\/dossier\/wp-json\/wp\/v2\/pages\/803"}],"collection":[{"href":"https:\/\/www.greens-efa.eu\/dossier\/wp-json\/wp\/v2\/pages"}],"about":[{"href":"https:\/\/www.greens-efa.eu\/dossier\/wp-json\/wp\/v2\/types\/page"}],"author":[{"embeddable":true,"href":"https:\/\/www.greens-efa.eu\/dossier\/wp-json\/wp\/v2\/users\/1"}],"replies":[{"embeddable":true,"href":"https:\/\/www.greens-efa.eu\/dossier\/wp-json\/wp\/v2\/comments?post=803"}],"version-history":[{"count":19,"href":"https:\/\/www.greens-efa.eu\/dossier\/wp-json\/wp\/v2\/pages\/803\/revisions"}],"predecessor-version":[{"id":1170,"href":"https:\/\/www.greens-efa.eu\/dossier\/wp-json\/wp\/v2\/pages\/803\/revisions\/1170"}],"wp:attachment":[{"href":"https:\/\/www.greens-efa.eu\/dossier\/wp-json\/wp\/v2\/media?parent=803"}],"curies":[{"name":"wp","href":"https:\/\/api.w.org\/{rel}","templated":true}]}}