{"id":853,"date":"2019-04-17T13:46:36","date_gmt":"2019-04-17T13:46:36","guid":{"rendered":"https:\/\/www.greens-efa.eu\/dossier\/?page_id=853"},"modified":"2019-04-17T13:46:36","modified_gmt":"2019-04-17T13:46:36","slug":"un-environnement-sain","status":"publish","type":"page","link":"https:\/\/www.greens-efa.eu\/dossier\/accueil\/un-environnement-sain\/","title":{"rendered":"Un environnement sain"},"content":{"rendered":"<div data-cont>\n\t\t\t\t\t<div class=\"sq ce  ce-img-right\" style=\"\">\n\t\t\t\t\t\t<div data-adders=\"0.6;do\" class=\"img ani-slide-left\" style=\"background-image: url(https:\/\/www.greens-efa.eu\/dossier\/wp-content\/uploads\/2019\/03\/des-flood.jpg);background-size:cover;\"><\/div>\n\t\t\t\t\t\t<div data-adders=\"0.6;do\" class=\"pr ani-slide-right\"><div class=\"txt tl z8 fs-subline \">Nous voulons prot\u00e9ger <br>le climat et l&#8217;environnement <br><u>pour les g\u00e9n\u00e9rations <\/u><br><u>\u00e0 venir. \u00a0 <\/u> <span class=\"typewriter\" data-adders=\"0.7;js_start_type\"><br><\/span><\/div><\/div>\n\t\t\t\t\t<\/div>\n\t\t\t\t<\/div>\n\n<div data-cont>\n\t\t\t\t\t<div class=\"sq ce  ce-img-left\" style=\"\">\n\t\t\t\t\t\t<div data-adders=\"0.6;do\" class=\"img ani-slide-right\" style=\"background-image: url(https:\/\/www.greens-efa.eu\/dossier\/wp-content\/uploads\/2019\/03\/windmills_thomas-richter_neu.jpg);background-size:cover;\"><\/div>\n\t\t\t\t\t\t<div data-adders=\"0.6;do\" class=\"pr ani-slide-left\"><div class=\"txt tl z8 fs-subline \">Nous nous battons pour une transition vers les \u00e9nergies renouvelables, pour la sortie du nucl\u00e9aire et l&#8217;abandon des \u00e9nergies fossiles polluantes.  <span class=\"typewriter\" data-adders=\"0.7;js_start_type\"><br><\/span><\/div><\/div>\n\t\t\t\t\t<\/div>\n\t\t\t\t<\/div>\n\n\n\t<div data-cont class=\"\">\n\t\t<div class=\"sq ce   ce-text ce-bigtext high-green tc\">\n\t\t\t<div class=\"txt tc z8 fs-medium \">\n\t\t\tCette transition doit \u00eatre juste<br> <span class=\"typewriter\" data-adders=\"0.5;js_start_type\"><em>pour tous.<\/em><\/span>\n\t\t\t<\/div>\n\t\t<\/div>\n\t<\/div>\n\n<div data-cont>\n\t\t\t\t\t<div class=\"sq ce  ce-img-left\" style=\"\">\n\t\t\t\t\t\t<div data-adders=\"0.6;do\" class=\"img ani-slide-right\" style=\"background-image: url(https:\/\/www.greens-efa.eu\/dossier\/wp-content\/uploads\/2019\/03\/BEPMobilitySquare.gif);background-size:cover;\"><\/div>\n\t\t\t\t\t\t<div data-adders=\"0.6;do\" class=\"pr ani-slide-left\"><div class=\"txt tl z8 fs-subline \">Nous voulons des transports propres et efficaces qui relient nos campagnes et nos cit\u00e9s pour en faire <u>des lieux o\u00f9 il fait bon vivre<\/u>. <span class=\"typewriter\" data-adders=\"0.7;js_start_type\"><br><\/span><\/div><\/div>\n\t\t\t\t\t<\/div>\n\t\t\t\t<\/div>\n\n<div data-cont>\n\t\t\t\t\t<div class=\"sq ce  ce-img-left\" style=\"color:#ffffff;background-color:#a0ff96;\">\n\t\t\t\t\t\t<div data-adders=\"0.6;do\" class=\"img ani-slide-right\" style=\"background-image: url(https:\/\/www.greens-efa.eu\/dossier\/wp-content\/uploads\/2019\/04\/robbe.gif);background-size:cover;\"><\/div>\n\t\t\t\t\t\t<div data-adders=\"0.6;do\" class=\"pr ani-slide-left\"><div class=\"txt tl z8 fs-subline \">Nous agissons pour pr\u00e9server la nature et la biodiversit\u00e9 dont toute vie d\u00e9pend, dans les airs, les champs, les for\u00eats et les oc\u00e9ans.<\/div><\/div>\n\t\t\t\t\t<\/div>\n\t\t\t\t<\/div>\n\n\n\t<div data-cont>\n\t\t<div class=\"ce  ce-list high-green tc\">\n\t\t\n<div class=\"gouter \" style=\"\"><div class=\"greens-content blk_core_heading\">\n<h2>Nous avons d\u00e9fendu un environnement sain pour tous en:<\/h2>\n<\/div><\/div>\n\n<div class=\"gouter \" style=\"\"><div class=\"greens-content blk_core_list\">\n<ul><li  data-viewport>Convainquant le Parlement europ\u00e9en d\u2019interdire certains plastiques \u00e0 usage unique<\/li><li  data-viewport>Menant la r\u00e9forme sur l\u2019agriculture et l\u2019\u00e9tiquetage bio et en poursuivant la lutte contre les OGM<\/li><li  data-viewport>Garantissant que d\u2019ici 2030 un tiers de toute l\u2019\u00e9nergie proviendra des renouvelables<\/li><li  data-viewport>Prot\u00e9geant les abeilles gr\u00e2ce \u00e0 l\u2019interdiction des pesticides dangereux, et en r\u00e9duisant la p\u00e9riode d\u2019autorisation du glyphosate de 10 ans<\/li><li  data-viewport>Renfor\u00e7ant la r\u00e9glementation sur les \u00e9missions de CO2 des poids lourds<\/li><li  data-viewport>Luttant pour l\u2019abandon de l\u2019huile de palme comme biocarburant<\/li><\/ul>\n<\/div><\/div>\n\n<div class=\"gouter \" style=\"\"><div class=\"greens-content blk_core_paragraph\">\n<p><\/p>\n<\/div><\/div>\n\n\t\t<\/div>\n\t<\/div>\n\n\n\t<div data-cont>\n\t\t<div class=\"ce  ce-list high-yellow tc\">\n\t\t\n<div class=\"gouter \" style=\"\"><div class=\"greens-content blk_core_heading\">\n<h2>Et nous continuons \u00e0 nous battre pour:<\/h2>\n<\/div><\/div>\n\n<div class=\"gouter \" style=\"\"><div class=\"greens-content blk_core_list\">\n<ul><li  data-viewport>Que l\u2019Europe investisse massivement dans le secteur des transports durables  et des \u00e9nergies renouvelables<\/li><li  data-viewport>Une interdiction de tous les OGM, les pesticides et autres substances toxiques<\/li><li  data-viewport>Des syst\u00e8mes d\u2019\u00e9changes de quotas d\u2019\u00e9missions \u00e9quitables, transparents et efficaces pour soutenir la transition \u00e9nerg\u00e9tique<\/li><li  data-viewport>La conditionnalit\u00e9 des paiements directs au sein de la Politique agricole commune au respect de crit\u00e8res plus stricts concernant le climat, la biodiversit\u00e9 et le bien-\u00eatre animal<\/li><li  data-viewport>Le droit des consommateurs \u00e0 la transparence dans la cha\u00eene alimentaire<\/li><\/ul>\n<\/div><\/div>\n\n<div class=\"gouter \" style=\"\"><div class=\"greens-content blk_core_paragraph\">\n<p><\/p>\n<\/div><\/div>\n\n\t\t<\/div>\n\t<\/div>","protected":false},"excerpt":{"rendered":"","protected":false},"author":2,"featured_media":0,"parent":803,"menu_order":1,"comment_status":"closed","ping_status":"closed","template":"page_sub.php","meta":[],"yoast_head":"<!-- This site is optimized with the Yoast SEO plugin v19.6.1 - https:\/\/yoast.com\/wordpress\/plugins\/seo\/ -->\n<title>Un environnement sain - Greens\/EFA<\/title>\n<meta name=\"robots\" content=\"index, follow, max-snippet:-1, max-image-preview:large, max-video-preview:-1\" \/>\n<link rel=\"canonical\" href=\"https:\/\/www.greens-efa.eu\/dossier\/accueil\/un-environnement-sain\/\" \/>\n<meta property=\"og:locale\" content=\"en_GB\" \/>\n<meta property=\"og:type\" content=\"article\" \/>\n<meta property=\"og:title\" content=\"Un environnement sain - Greens\/EFA\" \/>\n<meta property=\"og:url\" content=\"https:\/\/www.greens-efa.eu\/dossier\/accueil\/un-environnement-sain\/\" \/>\n<meta property=\"og:site_name\" content=\"Greens\/EFA\" \/>\n<meta name=\"twitter:card\" content=\"summary_large_image\" \/>\n<meta name=\"twitter:label1\" content=\"Estimated reading time\" \/>\n\t<meta name=\"twitter:data1\" content=\"1 minute\" \/>\n<script type=\"application\/ld+json\" class=\"yoast-schema-graph\">{\"@context\":\"https:\/\/schema.org\",\"@graph\":[{\"@type\":\"WebPage\",\"@id\":\"https:\/\/www.greens-efa.eu\/dossier\/accueil\/un-environnement-sain\/\",\"url\":\"https:\/\/www.greens-efa.eu\/dossier\/accueil\/un-environnement-sain\/\",\"name\":\"Un environnement sain - Greens\/EFA\",\"isPartOf\":{\"@id\":\"https:\/\/www.greens-efa.eu\/dossier\/#website\"},\"datePublished\":\"2019-04-17T13:46:36+00:00\",\"dateModified\":\"2019-04-17T13:46:36+00:00\",\"breadcrumb\":{\"@id\":\"https:\/\/www.greens-efa.eu\/dossier\/accueil\/un-environnement-sain\/#breadcrumb\"},\"inLanguage\":\"en-GB\",\"potentialAction\":[{\"@type\":\"ReadAction\",\"target\":[\"https:\/\/www.greens-efa.eu\/dossier\/accueil\/un-environnement-sain\/\"]}]},{\"@type\":\"BreadcrumbList\",\"@id\":\"https:\/\/www.greens-efa.eu\/dossier\/accueil\/un-environnement-sain\/#breadcrumb\",\"itemListElement\":[{\"@type\":\"ListItem\",\"position\":1,\"name\":\"Home\",\"item\":\"https:\/\/www.greens-efa.eu\/dossier\/\"},{\"@type\":\"ListItem\",\"position\":2,\"name\":\"Home (FR)\",\"item\":\"https:\/\/www.greens-efa.eu\/dossier\/accueil\/\"},{\"@type\":\"ListItem\",\"position\":3,\"name\":\"Un environnement sain\"}]},{\"@type\":\"WebSite\",\"@id\":\"https:\/\/www.greens-efa.eu\/dossier\/#website\",\"url\":\"https:\/\/www.greens-efa.eu\/dossier\/\",\"name\":\"Greens\/EFA\",\"description\":\"Greens\/EFA\",\"potentialAction\":[{\"@type\":\"SearchAction\",\"target\":{\"@type\":\"EntryPoint\",\"urlTemplate\":\"https:\/\/www.greens-efa.eu\/dossier\/?s={search_term_string}\"},\"query-input\":\"required name=search_term_string\"}],\"inLanguage\":\"en-GB\"}]}<\/script>\n<!-- \/ Yoast SEO plugin. -->","yoast_head_json":{"title":"Un environnement sain - Greens\/EFA","robots":{"index":"index","follow":"follow","max-snippet":"max-snippet:-1","max-image-preview":"max-image-preview:large","max-video-preview":"max-video-preview:-1"},"canonical":"https:\/\/www.greens-efa.eu\/dossier\/accueil\/un-environnement-sain\/","og_locale":"en_GB","og_type":"article","og_title":"Un environnement sain - Greens\/EFA","og_url":"https:\/\/www.greens-efa.eu\/dossier\/accueil\/un-environnement-sain\/","og_site_name":"Greens\/EFA","twitter_card":"summary_large_image","twitter_misc":{"Estimated reading time":"1 minute"},"schema":{"@context":"https:\/\/schema.org","@graph":[{"@type":"WebPage","@id":"https:\/\/www.greens-efa.eu\/dossier\/accueil\/un-environnement-sain\/","url":"https:\/\/www.greens-efa.eu\/dossier\/accueil\/un-environnement-sain\/","name":"Un environnement sain - Greens\/EFA","isPartOf":{"@id":"https:\/\/www.greens-efa.eu\/dossier\/#website"},"datePublished":"2019-04-17T13:46:36+00:00","dateModified":"2019-04-17T13:46:36+00:00","breadcrumb":{"@id":"https:\/\/www.greens-efa.eu\/dossier\/accueil\/un-environnement-sain\/#breadcrumb"},"inLanguage":"en-GB","potentialAction":[{"@type":"ReadAction","target":["https:\/\/www.greens-efa.eu\/dossier\/accueil\/un-environnement-sain\/"]}]},{"@type":"BreadcrumbList","@id":"https:\/\/www.greens-efa.eu\/dossier\/accueil\/un-environnement-sain\/#breadcrumb","itemListElement":[{"@type":"ListItem","position":1,"name":"Home","item":"https:\/\/www.greens-efa.eu\/dossier\/"},{"@type":"ListItem","position":2,"name":"Home (FR)","item":"https:\/\/www.greens-efa.eu\/dossier\/accueil\/"},{"@type":"ListItem","position":3,"name":"Un environnement sain"}]},{"@type":"WebSite","@id":"https:\/\/www.greens-efa.eu\/dossier\/#website","url":"https:\/\/www.greens-efa.eu\/dossier\/","name":"Greens\/EFA","description":"Greens\/EFA","potentialAction":[{"@type":"SearchAction","target":{"@type":"EntryPoint","urlTemplate":"https:\/\/www.greens-efa.eu\/dossier\/?s={search_term_string}"},"query-input":"required name=search_term_string"}],"inLanguage":"en-GB"}]}},"_links":{"self":[{"href":"https:\/\/www.greens-efa.eu\/dossier\/wp-json\/wp\/v2\/pages\/853"}],"collection":[{"href":"https:\/\/www.greens-efa.eu\/dossier\/wp-json\/wp\/v2\/pages"}],"about":[{"href":"https:\/\/www.greens-efa.eu\/dossier\/wp-json\/wp\/v2\/types\/page"}],"author":[{"embeddable":true,"href":"https:\/\/www.greens-efa.eu\/dossier\/wp-json\/wp\/v2\/users\/2"}],"replies":[{"embeddable":true,"href":"https:\/\/www.greens-efa.eu\/dossier\/wp-json\/wp\/v2\/comments?post=853"}],"version-history":[{"count":14,"href":"https:\/\/www.greens-efa.eu\/dossier\/wp-json\/wp\/v2\/pages\/853\/revisions"}],"predecessor-version":[{"id":874,"href":"https:\/\/www.greens-efa.eu\/dossier\/wp-json\/wp\/v2\/pages\/853\/revisions\/874"}],"up":[{"embeddable":true,"href":"https:\/\/www.greens-efa.eu\/dossier\/wp-json\/wp\/v2\/pages\/803"}],"wp:attachment":[{"href":"https:\/\/www.greens-efa.eu\/dossier\/wp-json\/wp\/v2\/media?parent=853"}],"curies":[{"name":"wp","href":"https:\/\/api.w.org\/{rel}","templated":true}]}}