{"id":888,"date":"2019-04-17T13:50:26","date_gmt":"2019-04-17T13:50:26","guid":{"rendered":"https:\/\/www.greens-efa.eu\/dossier\/?page_id=888"},"modified":"2019-04-17T13:54:01","modified_gmt":"2019-04-17T13:54:01","slug":"une-societe-juste","status":"publish","type":"page","link":"https:\/\/www.greens-efa.eu\/dossier\/accueil\/une-societe-juste\/","title":{"rendered":"Une soci\u00e9t\u00e9 juste"},"content":{"rendered":"\n\t<div data-cont class=\"\">\n\t\t<div class=\"sq ce   ce-text ce-bigtext high-green tc\">\n\t\t\t<div class=\"txt tc z8 fs-medium \">\n\t\t\tNous voulons construire une Europe qui \u00e9radique la pauvret\u00e9. <em>Une soci\u00e9t\u00e9 o\u00f9 chacun-e peut trouver sa place.<\/em><br> <span class=\"typewriter\" data-adders=\"0.5;js_start_type\"> <\/span>\n\t\t\t<\/div>\n\t\t<\/div>\n\t<\/div>\n\n<div data-cont>\n\t\t\t\t\t<div class=\"sq ce  ce-img-right\" style=\"color:#ffffff;background-color:#ffbe28;\">\n\t\t\t\t\t\t<div data-adders=\"0.6;do\" class=\"img ani-slide-left\" style=\"background-image: url(https:\/\/www.greens-efa.eu\/dossier\/wp-content\/uploads\/2019\/03\/\u00a9-Youry_BIlak-Mineurs_1924_b.jpg);background-size:cover;\"><\/div>\n\t\t\t\t\t\t<div data-adders=\"0.6;do\" class=\"pr ani-slide-right\"><div class=\"txt tl z8 fs-subline \">Nous pensons que l&#8217;\u00e9conomie doit \u00eatre au service des personnes,  <span class=\"typewriter\" data-adders=\"0.7;js_start_type\">et non l&#8217;inverse.<\/span><\/div><\/div>\n\t\t\t\t\t<\/div>\n\t\t\t\t<\/div>\n\n<div data-cont>\n\t\t\t\t\t<div class=\"sq ce  ce-img-left\" style=\"\">\n\t\t\t\t\t\t<div data-adders=\"0.6;do\" class=\"img ani-slide-right\" style=\"background-image: url(https:\/\/www.greens-efa.eu\/dossier\/wp-content\/uploads\/2019\/03\/nina-strehl-neighbour-1.jpg);background-size:cover;\"><\/div>\n\t\t\t\t\t\t<div data-adders=\"0.6;do\" class=\"pr ani-slide-left\"><div class=\"txt tl z8 fs-subline \">Nous d\u00e9fendons une soci\u00e9t\u00e9 qui investit dans les services publics et cr\u00e9e  <span class=\"typewriter\" data-adders=\"0.7;js_start_type\">des collectivit\u00e9s dynamiques.<\/span><\/div><\/div>\n\t\t\t\t\t<\/div>\n\t\t\t\t<\/div>\n\n<div data-cont>\n\t\t\t\t\t<div class=\"sq ce  ce-img-right\" style=\"color:#ffbe28;\">\n\t\t\t\t\t\t<div data-adders=\"0.6;do\" class=\"img ani-slide-left\" style=\"background-image: url(https:\/\/www.greens-efa.eu\/dossier\/wp-content\/uploads\/2019\/03\/iStock-1001948064_cropped_2.jpg);background-size:cover;\"><\/div>\n\t\t\t\t\t\t<div data-adders=\"0.6;do\" class=\"pr ani-slide-right\"><div class=\"txt tl z8 fs-subline \">Avec des emplois correctement r\u00e9mun\u00e9r\u00e9s et des logements  <span class=\"typewriter\" data-adders=\"0.7;js_start_type\">o\u00f9 l&#8217;on peut vivre d\u00e9cemment.<\/span><\/div><\/div>\n\t\t\t\t\t<\/div>\n\t\t\t\t<\/div>\n\n\n\t<div data-cont>\n\t\t<div class=\"ce  ce-list high-green tc\">\n\t\t\n<div class=\"gouter \" style=\"\"><div class=\"greens-content blk_core_heading\">\n<h2>NOUS AVONS CONTRIBU\u00c9 \u00c0 UNE EUROPE PLUS JUSTE EN :<\/h2>\n<\/div><\/div>\n\n<div class=\"gouter \" style=\"\"><div class=\"greens-content blk_core_list\">\n<ul><li  data-viewport>D\u00e9fendant le droit au cong\u00e9 parental pour les deux parents, un cong\u00e9 de paternit\u00e9 correctement r\u00e9mun\u00e9r\u00e9, et le cong\u00e9 des personnes aidantes<\/li><li  data-viewport> Prot\u00e9geant 4 millions de travailleurs par la classification du diesel en tant que canc\u00e9rig\u00e8ne <\/li><li  data-viewport>Exigeant que chacun paie sa juste contribution; en s&#8217;attaquant au blanchiment d&#8217;argent et \u00e0 la fraude et l&#8217;\u00e9vasion fiscales<\/li><li  data-viewport> D\u00e9fendant les int\u00e9r\u00eats des ONG et des associations caritatives qui contribuent \u00e0 la diversit\u00e9 de la soci\u00e9t\u00e9 civile <\/li><\/ul>\n<\/div><\/div>\n\n<div class=\"gouter \" style=\"\"><div class=\"greens-content blk_core_paragraph\">\n<p><\/p>\n<\/div><\/div>\n\n\t\t<\/div>\n\t<\/div>\n\n\n\t<div data-cont>\n\t\t<div class=\"ce  ce-list high-yellow tc\">\n\t\t\n<div class=\"gouter \" style=\"\"><div class=\"greens-content blk_core_heading\">\n<h2>Et nous continuons \u00e0 nous battre pour:<\/h2>\n<\/div><\/div>\n\n<div class=\"gouter \" style=\"\"><div class=\"greens-content blk_core_list\">\n<ul><li  data-viewport>Mettre fin \u00e0 l&#8217;aust\u00e9rit\u00e9 par le biais d&#8217;une solidarit\u00e9 renforc\u00e9e et d&#8217;une r\u00e9partition des charges \u00e0 travers l&#8217;Europe<\/li><li  data-viewport>Une meilleure protection des consommateurs, notamment par le recours collectif <\/li><li  data-viewport>En finir avec la pauvret\u00e9 energ\u00e9tique pour permettre aux gens de chauffer leur habitation tout en \u00e9vitant des factures trop \u00e9lev\u00e9es<\/li><li  data-viewport>Un investissement massif en faveur des jeunes, plus particuli\u00e8rement pour surmonter les obstacles \u00e0 l&#8217;emploi<\/li><\/ul>\n<\/div><\/div>\n\n<div class=\"gouter \" style=\"\"><div class=\"greens-content blk_core_paragraph\">\n<p><\/p>\n<\/div><\/div>\n\n\t\t<\/div>\n\t<\/div>","protected":false},"excerpt":{"rendered":"","protected":false},"author":2,"featured_media":0,"parent":803,"menu_order":2,"comment_status":"closed","ping_status":"closed","template":"page_sub.php","meta":[],"yoast_head":"<!-- This site is optimized with the Yoast SEO plugin v19.6.1 - https:\/\/yoast.com\/wordpress\/plugins\/seo\/ -->\n<title>Une soci\u00e9t\u00e9 juste - Greens\/EFA<\/title>\n<meta name=\"robots\" content=\"index, follow, max-snippet:-1, max-image-preview:large, max-video-preview:-1\" \/>\n<link rel=\"canonical\" href=\"https:\/\/www.greens-efa.eu\/dossier\/accueil\/une-societe-juste\/\" \/>\n<meta property=\"og:locale\" content=\"en_GB\" \/>\n<meta property=\"og:type\" content=\"article\" \/>\n<meta property=\"og:title\" content=\"Une soci\u00e9t\u00e9 juste - Greens\/EFA\" \/>\n<meta property=\"og:url\" content=\"https:\/\/www.greens-efa.eu\/dossier\/accueil\/une-societe-juste\/\" \/>\n<meta property=\"og:site_name\" content=\"Greens\/EFA\" \/>\n<meta property=\"article:modified_time\" content=\"2019-04-17T13:54:01+00:00\" \/>\n<meta name=\"twitter:card\" content=\"summary_large_image\" \/>\n<meta name=\"twitter:label1\" content=\"Estimated reading time\" \/>\n\t<meta name=\"twitter:data1\" content=\"1 minute\" \/>\n<script type=\"application\/ld+json\" class=\"yoast-schema-graph\">{\"@context\":\"https:\/\/schema.org\",\"@graph\":[{\"@type\":\"WebPage\",\"@id\":\"https:\/\/www.greens-efa.eu\/dossier\/accueil\/une-societe-juste\/\",\"url\":\"https:\/\/www.greens-efa.eu\/dossier\/accueil\/une-societe-juste\/\",\"name\":\"Une soci\u00e9t\u00e9 juste - Greens\/EFA\",\"isPartOf\":{\"@id\":\"https:\/\/www.greens-efa.eu\/dossier\/#website\"},\"datePublished\":\"2019-04-17T13:50:26+00:00\",\"dateModified\":\"2019-04-17T13:54:01+00:00\",\"breadcrumb\":{\"@id\":\"https:\/\/www.greens-efa.eu\/dossier\/accueil\/une-societe-juste\/#breadcrumb\"},\"inLanguage\":\"en-GB\",\"potentialAction\":[{\"@type\":\"ReadAction\",\"target\":[\"https:\/\/www.greens-efa.eu\/dossier\/accueil\/une-societe-juste\/\"]}]},{\"@type\":\"BreadcrumbList\",\"@id\":\"https:\/\/www.greens-efa.eu\/dossier\/accueil\/une-societe-juste\/#breadcrumb\",\"itemListElement\":[{\"@type\":\"ListItem\",\"position\":1,\"name\":\"Home\",\"item\":\"https:\/\/www.greens-efa.eu\/dossier\/\"},{\"@type\":\"ListItem\",\"position\":2,\"name\":\"Home (FR)\",\"item\":\"https:\/\/www.greens-efa.eu\/dossier\/accueil\/\"},{\"@type\":\"ListItem\",\"position\":3,\"name\":\"Une soci\u00e9t\u00e9 juste\"}]},{\"@type\":\"WebSite\",\"@id\":\"https:\/\/www.greens-efa.eu\/dossier\/#website\",\"url\":\"https:\/\/www.greens-efa.eu\/dossier\/\",\"name\":\"Greens\/EFA\",\"description\":\"Greens\/EFA\",\"potentialAction\":[{\"@type\":\"SearchAction\",\"target\":{\"@type\":\"EntryPoint\",\"urlTemplate\":\"https:\/\/www.greens-efa.eu\/dossier\/?s={search_term_string}\"},\"query-input\":\"required name=search_term_string\"}],\"inLanguage\":\"en-GB\"}]}<\/script>\n<!-- \/ Yoast SEO plugin. -->","yoast_head_json":{"title":"Une soci\u00e9t\u00e9 juste - Greens\/EFA","robots":{"index":"index","follow":"follow","max-snippet":"max-snippet:-1","max-image-preview":"max-image-preview:large","max-video-preview":"max-video-preview:-1"},"canonical":"https:\/\/www.greens-efa.eu\/dossier\/accueil\/une-societe-juste\/","og_locale":"en_GB","og_type":"article","og_title":"Une soci\u00e9t\u00e9 juste - Greens\/EFA","og_url":"https:\/\/www.greens-efa.eu\/dossier\/accueil\/une-societe-juste\/","og_site_name":"Greens\/EFA","article_modified_time":"2019-04-17T13:54:01+00:00","twitter_card":"summary_large_image","twitter_misc":{"Estimated reading time":"1 minute"},"schema":{"@context":"https:\/\/schema.org","@graph":[{"@type":"WebPage","@id":"https:\/\/www.greens-efa.eu\/dossier\/accueil\/une-societe-juste\/","url":"https:\/\/www.greens-efa.eu\/dossier\/accueil\/une-societe-juste\/","name":"Une soci\u00e9t\u00e9 juste - Greens\/EFA","isPartOf":{"@id":"https:\/\/www.greens-efa.eu\/dossier\/#website"},"datePublished":"2019-04-17T13:50:26+00:00","dateModified":"2019-04-17T13:54:01+00:00","breadcrumb":{"@id":"https:\/\/www.greens-efa.eu\/dossier\/accueil\/une-societe-juste\/#breadcrumb"},"inLanguage":"en-GB","potentialAction":[{"@type":"ReadAction","target":["https:\/\/www.greens-efa.eu\/dossier\/accueil\/une-societe-juste\/"]}]},{"@type":"BreadcrumbList","@id":"https:\/\/www.greens-efa.eu\/dossier\/accueil\/une-societe-juste\/#breadcrumb","itemListElement":[{"@type":"ListItem","position":1,"name":"Home","item":"https:\/\/www.greens-efa.eu\/dossier\/"},{"@type":"ListItem","position":2,"name":"Home (FR)","item":"https:\/\/www.greens-efa.eu\/dossier\/accueil\/"},{"@type":"ListItem","position":3,"name":"Une soci\u00e9t\u00e9 juste"}]},{"@type":"WebSite","@id":"https:\/\/www.greens-efa.eu\/dossier\/#website","url":"https:\/\/www.greens-efa.eu\/dossier\/","name":"Greens\/EFA","description":"Greens\/EFA","potentialAction":[{"@type":"SearchAction","target":{"@type":"EntryPoint","urlTemplate":"https:\/\/www.greens-efa.eu\/dossier\/?s={search_term_string}"},"query-input":"required name=search_term_string"}],"inLanguage":"en-GB"}]}},"_links":{"self":[{"href":"https:\/\/www.greens-efa.eu\/dossier\/wp-json\/wp\/v2\/pages\/888"}],"collection":[{"href":"https:\/\/www.greens-efa.eu\/dossier\/wp-json\/wp\/v2\/pages"}],"about":[{"href":"https:\/\/www.greens-efa.eu\/dossier\/wp-json\/wp\/v2\/types\/page"}],"author":[{"embeddable":true,"href":"https:\/\/www.greens-efa.eu\/dossier\/wp-json\/wp\/v2\/users\/2"}],"replies":[{"embeddable":true,"href":"https:\/\/www.greens-efa.eu\/dossier\/wp-json\/wp\/v2\/comments?post=888"}],"version-history":[{"count":15,"href":"https:\/\/www.greens-efa.eu\/dossier\/wp-json\/wp\/v2\/pages\/888\/revisions"}],"predecessor-version":[{"id":1161,"href":"https:\/\/www.greens-efa.eu\/dossier\/wp-json\/wp\/v2\/pages\/888\/revisions\/1161"}],"up":[{"embeddable":true,"href":"https:\/\/www.greens-efa.eu\/dossier\/wp-json\/wp\/v2\/pages\/803"}],"wp:attachment":[{"href":"https:\/\/www.greens-efa.eu\/dossier\/wp-json\/wp\/v2\/media?parent=888"}],"curies":[{"name":"wp","href":"https:\/\/api.w.org\/{rel}","templated":true}]}}