{"id":903,"date":"2019-04-04T10:46:16","date_gmt":"2019-04-04T10:46:16","guid":{"rendered":"https:\/\/www.greens-efa.eu\/dossier\/?page_id=903"},"modified":"2019-04-16T16:53:35","modified_gmt":"2019-04-16T16:53:35","slug":"faire-gesellschaft","status":"publish","type":"page","link":"https:\/\/www.greens-efa.eu\/dossier\/start\/faire-gesellschaft\/","title":{"rendered":"Faire Gesellschaft"},"content":{"rendered":"\n\t<div data-cont class=\"\">\n\t\t<div class=\"sq ce   ce-text ce-bigtext high-green tc\">\n\t\t\t<div class=\"txt tc z8 fs-medium \">\n\t\t\tWir wollen ein Europa, das Armut abbaut. <em>Jeder verdient eine faire Chance. <\/em><br>\n\t\t\t<\/div>\n\t\t<\/div>\n\t<\/div>\n\n<div data-cont>\n\t\t\t\t\t<div class=\"sq ce  ce-img-right\" style=\"color:#ffffff;background-color:#ffbe28;\">\n\t\t\t\t\t\t<div data-adders=\"0.6;do\" class=\"img ani-slide-left\" style=\"background-image: url(https:\/\/www.greens-efa.eu\/dossier\/wp-content\/uploads\/2019\/03\/\u00a9-Youry_BIlak-Mineurs_1924_b.jpg);background-size:cover;\"><\/div>\n\t\t\t\t\t\t<div data-adders=\"0.6;do\" class=\"pr ani-slide-right\"><div class=\"txt tl z8 fs-subline \">Wir sind \u00fcberzeugt, dass die<br>Wirtschaft den Menschen<br>dienen muss, nicht <span class=\"typewriter\" data-adders=\"0.7;js_start_type\"><br>umgekehrt.<\/span><\/div><\/div>\n\t\t\t\t\t<\/div>\n\t\t\t\t<\/div>\n\n<div data-cont>\n\t\t\t\t\t<div class=\"sq ce  ce-img-left\" style=\"\">\n\t\t\t\t\t\t<div data-adders=\"0.6;do\" class=\"img ani-slide-right\" style=\"background-image: url(https:\/\/www.greens-efa.eu\/dossier\/wp-content\/uploads\/2019\/03\/nina-strehl-neighbour-1.jpg);background-size:cover;\"><\/div>\n\t\t\t\t\t\t<div data-adders=\"0.6;do\" class=\"pr ani-slide-left\"><div class=\"txt tl z8 fs-subline \">Wir glauben an eine Gesellschaft, die in \u00f6ffentliche Dienstleistungen investiert und  <span class=\"typewriter\" data-adders=\"0.7;js_start_type\">starke Gemeinschaften schafft.<\/span><\/div><\/div>\n\t\t\t\t\t<\/div>\n\t\t\t\t<\/div>\n\n<div data-cont>\n\t\t\t\t\t<div class=\"sq ce  ce-img-right\" style=\"color:#ffbe28;\">\n\t\t\t\t\t\t<div data-adders=\"0.6;do\" class=\"img ani-slide-left\" style=\"background-image: url(https:\/\/www.greens-efa.eu\/dossier\/wp-content\/uploads\/2019\/03\/iStock-1001948064_cropped_2.jpg);background-size:cover;\"><\/div>\n\t\t\t\t\t\t<div data-adders=\"0.6;do\" class=\"pr ani-slide-right\"><div class=\"txt tl z8 fs-subline \">Mit anst\u00e4ndig bezahlten Jobs und  <span class=\"typewriter\" data-adders=\"0.7;js_start_type\">einem echten Zuhause f\u00fcr alle.<\/span><\/div><\/div>\n\t\t\t\t\t<\/div>\n\t\t\t\t<\/div>\n\n\n\t<div data-cont>\n\t\t<div class=\"ce  ce-list high-green tc\">\n\t\t\n<div class=\"gouter \" style=\"\"><div class=\"greens-content blk_core_heading\">\n<h2>DAS HABEN WIR ERREICHT:<\/h2>\n<\/div><\/div>\n\n<div class=\"gouter \" style=\"\"><div class=\"greens-content blk_core_list\">\n<ul><li  data-viewport>Recht auf Elternzeit f\u00fcr beide Elternteile, angemessen bezahlter Vaterschafts- sowie Pflegeurlaub<\/li><li  data-viewport>Schutz von mindestens 4 Millionen Arbeitern durch die Neuklassifizierung von Diesel als krebserregender Stoff<\/li><li  data-viewport>Unerm\u00fcdliches Engagement daf\u00fcr, dass alle gerechte Steuern zahlen m\u00fcssen und konsequent gegen Geldw\u00e4sche, Betrug und Steuerhinterziehung vorgegangen wird<\/li><li  data-viewport>Verteidigung der Interessen aller NGOs und Wohlt\u00e4tigkeitsorganisationen, die zu einer vielf\u00e4ltigen Zivilgesellschaft beitragen<\/li><\/ul>\n<\/div><\/div>\n\n<div class=\"gouter \" style=\"\"><div class=\"greens-content blk_core_paragraph\">\n<p><\/p>\n<\/div><\/div>\n\n\t\t<\/div>\n\t<\/div>\n\n\n\t<div data-cont>\n\t\t<div class=\"ce  ce-list high-yellow tc\">\n\t\t\n<div class=\"gouter \" style=\"\"><div class=\"greens-content blk_core_heading\">\n<h2>Und daf\u00fcr k\u00e4mpfen wir Zukunft: <\/h2>\n<\/div><\/div>\n\n<div class=\"gouter \" style=\"\"><div class=\"greens-content blk_core_list\">\n<ul><li  data-viewport>Ein Ende der Austerit\u00e4t durch verst\u00e4rkte Solidarit\u00e4t in der ganzen Europ\u00e4ischen Union<\/li><li  data-viewport>St\u00e4rkere Verbraucherschutzma\u00dfnahmen, beispielsweise durch Sammelklagen<\/li><li  data-viewport>Der Energiearmut ein Ende setzen. Jeder sollte sich ein warmes Zuhause leisten k\u00f6nnen<\/li><li  data-viewport>Mehr Investitionen f\u00fcr junge Menschen, insbesondere f\u00fcr einen besseren Zugang zum Arbeitsmarkt<\/li><\/ul>\n<\/div><\/div>\n\n<div class=\"gouter \" style=\"\"><div class=\"greens-content blk_core_paragraph\">\n<p><\/p>\n<\/div><\/div>\n\n\t\t<\/div>\n\t<\/div>","protected":false},"excerpt":{"rendered":"","protected":false},"author":2,"featured_media":0,"parent":722,"menu_order":2,"comment_status":"closed","ping_status":"closed","template":"page_sub.php","meta":[],"yoast_head":"<!-- This site is optimized with the Yoast SEO plugin v19.6.1 - https:\/\/yoast.com\/wordpress\/plugins\/seo\/ -->\n<title>Faire Gesellschaft - Greens\/EFA<\/title>\n<meta name=\"robots\" content=\"index, follow, max-snippet:-1, max-image-preview:large, max-video-preview:-1\" \/>\n<link rel=\"canonical\" href=\"https:\/\/www.greens-efa.eu\/dossier\/start\/faire-gesellschaft\/\" \/>\n<meta property=\"og:locale\" content=\"en_GB\" \/>\n<meta property=\"og:type\" content=\"article\" \/>\n<meta property=\"og:title\" content=\"Faire Gesellschaft - Greens\/EFA\" \/>\n<meta property=\"og:url\" content=\"https:\/\/www.greens-efa.eu\/dossier\/start\/faire-gesellschaft\/\" \/>\n<meta property=\"og:site_name\" content=\"Greens\/EFA\" \/>\n<meta property=\"article:modified_time\" content=\"2019-04-16T16:53:35+00:00\" \/>\n<meta name=\"twitter:card\" content=\"summary_large_image\" \/>\n<meta name=\"twitter:label1\" content=\"Estimated reading time\" \/>\n\t<meta name=\"twitter:data1\" content=\"1 minute\" \/>\n<script type=\"application\/ld+json\" class=\"yoast-schema-graph\">{\"@context\":\"https:\/\/schema.org\",\"@graph\":[{\"@type\":\"WebPage\",\"@id\":\"https:\/\/www.greens-efa.eu\/dossier\/start\/faire-gesellschaft\/\",\"url\":\"https:\/\/www.greens-efa.eu\/dossier\/start\/faire-gesellschaft\/\",\"name\":\"Faire Gesellschaft - Greens\/EFA\",\"isPartOf\":{\"@id\":\"https:\/\/www.greens-efa.eu\/dossier\/#website\"},\"datePublished\":\"2019-04-04T10:46:16+00:00\",\"dateModified\":\"2019-04-16T16:53:35+00:00\",\"breadcrumb\":{\"@id\":\"https:\/\/www.greens-efa.eu\/dossier\/start\/faire-gesellschaft\/#breadcrumb\"},\"inLanguage\":\"en-GB\",\"potentialAction\":[{\"@type\":\"ReadAction\",\"target\":[\"https:\/\/www.greens-efa.eu\/dossier\/start\/faire-gesellschaft\/\"]}]},{\"@type\":\"BreadcrumbList\",\"@id\":\"https:\/\/www.greens-efa.eu\/dossier\/start\/faire-gesellschaft\/#breadcrumb\",\"itemListElement\":[{\"@type\":\"ListItem\",\"position\":1,\"name\":\"Home\",\"item\":\"https:\/\/www.greens-efa.eu\/dossier\/\"},{\"@type\":\"ListItem\",\"position\":2,\"name\":\"Home (DE)\",\"item\":\"https:\/\/www.greens-efa.eu\/dossier\/start\/\"},{\"@type\":\"ListItem\",\"position\":3,\"name\":\"Faire Gesellschaft\"}]},{\"@type\":\"WebSite\",\"@id\":\"https:\/\/www.greens-efa.eu\/dossier\/#website\",\"url\":\"https:\/\/www.greens-efa.eu\/dossier\/\",\"name\":\"Greens\/EFA\",\"description\":\"Greens\/EFA\",\"potentialAction\":[{\"@type\":\"SearchAction\",\"target\":{\"@type\":\"EntryPoint\",\"urlTemplate\":\"https:\/\/www.greens-efa.eu\/dossier\/?s={search_term_string}\"},\"query-input\":\"required name=search_term_string\"}],\"inLanguage\":\"en-GB\"}]}<\/script>\n<!-- \/ Yoast SEO plugin. -->","yoast_head_json":{"title":"Faire Gesellschaft - Greens\/EFA","robots":{"index":"index","follow":"follow","max-snippet":"max-snippet:-1","max-image-preview":"max-image-preview:large","max-video-preview":"max-video-preview:-1"},"canonical":"https:\/\/www.greens-efa.eu\/dossier\/start\/faire-gesellschaft\/","og_locale":"en_GB","og_type":"article","og_title":"Faire Gesellschaft - Greens\/EFA","og_url":"https:\/\/www.greens-efa.eu\/dossier\/start\/faire-gesellschaft\/","og_site_name":"Greens\/EFA","article_modified_time":"2019-04-16T16:53:35+00:00","twitter_card":"summary_large_image","twitter_misc":{"Estimated reading time":"1 minute"},"schema":{"@context":"https:\/\/schema.org","@graph":[{"@type":"WebPage","@id":"https:\/\/www.greens-efa.eu\/dossier\/start\/faire-gesellschaft\/","url":"https:\/\/www.greens-efa.eu\/dossier\/start\/faire-gesellschaft\/","name":"Faire Gesellschaft - Greens\/EFA","isPartOf":{"@id":"https:\/\/www.greens-efa.eu\/dossier\/#website"},"datePublished":"2019-04-04T10:46:16+00:00","dateModified":"2019-04-16T16:53:35+00:00","breadcrumb":{"@id":"https:\/\/www.greens-efa.eu\/dossier\/start\/faire-gesellschaft\/#breadcrumb"},"inLanguage":"en-GB","potentialAction":[{"@type":"ReadAction","target":["https:\/\/www.greens-efa.eu\/dossier\/start\/faire-gesellschaft\/"]}]},{"@type":"BreadcrumbList","@id":"https:\/\/www.greens-efa.eu\/dossier\/start\/faire-gesellschaft\/#breadcrumb","itemListElement":[{"@type":"ListItem","position":1,"name":"Home","item":"https:\/\/www.greens-efa.eu\/dossier\/"},{"@type":"ListItem","position":2,"name":"Home (DE)","item":"https:\/\/www.greens-efa.eu\/dossier\/start\/"},{"@type":"ListItem","position":3,"name":"Faire Gesellschaft"}]},{"@type":"WebSite","@id":"https:\/\/www.greens-efa.eu\/dossier\/#website","url":"https:\/\/www.greens-efa.eu\/dossier\/","name":"Greens\/EFA","description":"Greens\/EFA","potentialAction":[{"@type":"SearchAction","target":{"@type":"EntryPoint","urlTemplate":"https:\/\/www.greens-efa.eu\/dossier\/?s={search_term_string}"},"query-input":"required name=search_term_string"}],"inLanguage":"en-GB"}]}},"_links":{"self":[{"href":"https:\/\/www.greens-efa.eu\/dossier\/wp-json\/wp\/v2\/pages\/903"}],"collection":[{"href":"https:\/\/www.greens-efa.eu\/dossier\/wp-json\/wp\/v2\/pages"}],"about":[{"href":"https:\/\/www.greens-efa.eu\/dossier\/wp-json\/wp\/v2\/types\/page"}],"author":[{"embeddable":true,"href":"https:\/\/www.greens-efa.eu\/dossier\/wp-json\/wp\/v2\/users\/2"}],"replies":[{"embeddable":true,"href":"https:\/\/www.greens-efa.eu\/dossier\/wp-json\/wp\/v2\/comments?post=903"}],"version-history":[{"count":21,"href":"https:\/\/www.greens-efa.eu\/dossier\/wp-json\/wp\/v2\/pages\/903\/revisions"}],"predecessor-version":[{"id":1140,"href":"https:\/\/www.greens-efa.eu\/dossier\/wp-json\/wp\/v2\/pages\/903\/revisions\/1140"}],"up":[{"embeddable":true,"href":"https:\/\/www.greens-efa.eu\/dossier\/wp-json\/wp\/v2\/pages\/722"}],"wp:attachment":[{"href":"https:\/\/www.greens-efa.eu\/dossier\/wp-json\/wp\/v2\/media?parent=903"}],"curies":[{"name":"wp","href":"https:\/\/api.w.org\/{rel}","templated":true}]}}